e greatest common factor of 304 and 20704?
16
What is the highest common divisor of 237 and 153102?
237
Calculate the greatest common divisor of 6 and 2295018.
6
Calculate the greatest common factor of 6258 and 1890.
42
What is the highest common factor of 16550 and 340?
10
What is the greatest common divisor of 2558234 and 2036?
1018
Calculate the highest common factor of 494 and 85082.
38
Calculate the greatest common factor of 192207 and 10428.
237
What is the highest common divisor of 49 and 165501?
7
Calculate the highest common divisor of 12355 and 10.
5
What is the greatest common factor of 2623 and 66551?
61
Calculate the greatest common divisor of 2139380 and 902.
82
What is the highest common divisor of 635963 and 7443?
827
Calculate the greatest common factor of 12 and 26.
2
Calculate the greatest common divisor of 3348 and 900984.
372
Calculate the highest common factor of 338 and 8976266.
338
Calculate the greatest common factor of 838 and 3771.
419
Calculate the greatest common factor of 1127 and 2.
1
What is the highest common factor of 374 and 10142?
22
Calculate the greatest common divisor of 20184 and 56.
8
What is the greatest common factor of 4 and 3412?
4
What is the greatest common factor of 404 and 30098?
202
Calculate the greatest common divisor of 9108 and 142164.
396
Calculate the greatest common factor of 997 and 2005.
1
What is the greatest common divisor of 31215 and 120?
15
What is the highest common factor of 20002 and 274?
274
What is the highest common factor of 1542 and 1028?
514
What is the greatest common factor of 17 and 492643?
17
Calculate the highest common factor of 180 and 12270.
30
What is the greatest common factor of 20572 and 259?
37
What is the greatest common factor of 495 and 448905?
15
Calculate the greatest common divisor of 194 and 1724.
2
Calculate the greatest common divisor of 1160575 and 975.
325
What is the greatest common divisor of 33649 and 7?
7
Calculate the greatest common factor of 249745 and 1004.
251
Calculate the greatest common factor of 7881 and 3959.
37
What is the greatest common divisor of 459 and 1632?
51
Calculate the highest common divisor of 230241 and 33.
33
Calculate the greatest common divisor of 11886 and 112634.
566
Calculate the greatest common factor of 168 and 4172.
28
What is the greatest common factor of 2912 and 1001?
91
Calculate the highest common divisor of 23 and 1457441.
23
What is the highest common factor of 985 and 1215?
5
Calculate the greatest common divisor of 16345 and 595.
35
What is the highest common factor of 174240 and 540?
180
What is the greatest common factor of 1271868 and 24?
12
What is the greatest common divisor of 1 and 2261?
1
Calculate the highest common factor of 70 and 170534.
14
Calculate the greatest common divisor of 38568 and 4536.
24
Calculate the greatest common factor of 259 and 11581.
37
Calculate the highest common divisor of 2034666 and 162.
54
What is the greatest common divisor of 18 and 201486?
6
What is the greatest common divisor of 924 and 183624?
84
What is the highest common divisor of 1875 and 690?
15
What is the greatest common divisor of 1554957 and 237?
237
Calculate the highest common divisor of 18955 and 1190.
85
Calculate the greatest common divisor of 134890 and 490.
70
Calculate the greatest common factor of 683536 and 1972.
68
What is the greatest common divisor of 137186 and 91?
7
What is the highest common factor of 730152 and 72?
72
What is the highest common divisor of 7047 and 145?
29
What is the highest common divisor of 121 and 581405?
121
Calculate the highest common divisor of 703563 and 21.
21
Calculate the highest common factor of 235848 and 496.
248
What is the greatest common factor of 75 and 340455?
15
Calculate the greatest common divisor of 42 and 12796.
14
Calculate the highest common divisor of 224 and 31640.
56
What is the greatest common factor of 175 and 2275?
175
What is the greatest common factor of 189 and 553?
7
Calculate the highest common divisor of 11571 and 1176.
21
What is the greatest common factor of 30 and 7962?
6
What is the greatest common divisor of 220 and 51370?
110
What is the highest common divisor of 1470 and 41258?
98
Calculate the greatest common divisor of 271831 and 7.
7
What is the highest common factor of 4811 and 9339?
283
Calculate the highest common factor of 414 and 846.
18
Calculate the greatest common factor of 30 and 242118.
6
What is the highest common factor of 115058 and 2?
2
Calculate the highest common divisor of 4403 and 697.
17
Calculate the highest common divisor of 330 and 29730.
30
Calculate the greatest common divisor of 128917 and 411.
137
Calculate the highest common factor of 17738 and 247246.
362
What is the greatest common factor of 6 and 22014?
6
What is the greatest common divisor of 318 and 8366262?
318
Calculate the greatest common factor of 1040 and 42536.
104
Calculate the greatest common divisor of 2992 and 1958672.
272
Calculate the highest common divisor of 3229553 and 2306.
1153
Calculate the highest common divisor of 2496 and 25344.
192
What is the highest common divisor of 162027 and 306?
153
What is the highest common divisor of 278484 and 69?
69
Calculate the greatest common factor of 23541 and 472.
59
Calculate the greatest common divisor of 2834 and 763.
109
Calculate the highest common divisor of 121428 and 36.
36
What is the greatest common divisor of 3736764 and 2484?
828
Calculate the highest common factor of 460 and 192165.
115
Calculate the highest common divisor of 54 and 10259622.
54
What is the highest common divisor of 584836 and 70?
14
Calculate the highest common factor of 2406 and 642.
6
Calculate the highest common factor of 4740 and 60972.
12
What is the highest common factor of 2247 and 97477?
107
Calculate the greatest common divisor of 202789 and 9834.
149
What is the greatest common factor of 7388292 and 62?
62
What is the highest common divisor of 1688 and 40?
8
What is the highest common factor of 1672 and 9120?
152
Calculate the greatest common divisor of 294 and 14602.
98
What is the greatest common factor of 77 and 15037?
11
What is the highest common factor of 1024 and 115712?
1024
What is the greatest common divisor of 3675771 and 22?
11
Calculate the greatest common factor of 824 and 18025.
103
Calculate the greatest common factor of 2244704 and 252.
28
What is the highest common divisor of 823346 and 1383?
461
Calculate the greatest common factor of 1134 and 30898.
14
What is the greatest common divisor of 470 and 8270?
10
What is the greatest common factor of 36 and 4619964?
12
What is the greatest common divisor of 4745 and 390988?
949
Calculate the greatest common factor of 598740 and 1530.
510
What is the highest common divisor of 4182 and 3936?
246
What is the highest common factor of 40 and 11070880?
40
What is the highest common divisor of 62 and 1969771?
31
Calculate the highest common divisor of 777 and 252784.
259
Calculate the greatest common factor of 3954 and 118.
2
What is the greatest common factor of 708 and 59676?
12
Calculate the highest common factor of 392515 and 319.
29
Calculate the greatest common divisor of 50 and 561130.
10
What is the greatest common divisor of 366 and 1636142?
122
Calculate the greatest common divisor of 192771 and 45.
9
Calculate the highest common factor of 20510 and 112.
14
What is the highest common factor of 1425 and 9525?
75
What is the greatest common divisor of 3228 and 204?
12
What is the highest common factor of 25648 and 1145?
229
What is the highest common divisor of 37022 and 107?
107
Calculate the highest common factor of 24 and 7878648.
24
What is the highest common factor of 13621 and 1537?
53
Calculate the highest common divisor of 29 and 9153647.
29
What is the highest common divisor of 2730 and 42930?
30
What is the greatest common divisor of 3172 and 76440?
52
Calculate the highest common divisor of 14 and 532350.
14
Calculate the greatest common factor of 24003 and 18207.
63
What is the greatest common divisor of 40495 and 390?
65
What is the highest common factor of 22297 and 165?
11
Calculate the greatest common factor of 13130 and 370670.
1010
Calculate the highest common factor of 19138 and 98.
14
Calculate the highest